f r?
2, 3, 23
Let z = 62756 - 12145. List the prime factors of z.
11, 43, 107
Let d(k) be the third derivative of k**5/12 + k**4 + 7*k**3 - k**2 - 7*k. What are the prime factors of d(-10)?
2, 151
Let y(w) = w**2 - 2*w + 2. Let t be 3 - (3 - 4)*3. Suppose -t*v + 0*v = -12. List the prime factors of y(v).
2
Let h = 5157 - 3119. List the prime factors of h.
2, 1019
Suppose -5*c - 2*x = -3452, c = -4*x + 7*x + 687. Suppose -5*g + c + 1030 = 0. What are the prime factors of g?
2, 43
Let z(p) = 51*p**2 + 39*p + 131. What are the prime factors of z(-12)?
7, 11, 13
Let w be (-70)/8 - 19/76. Let g(p) = -p**3 - 6*p**2 + 23*p - 10. List the prime factors of g(w).
2, 13
List the prime factors of 107 - -81 - ((5 - -1) + 1).
181
Suppose -4*i + 5*y = -66637, 246*i + 33322 = 248*i - 2*y. List the prime factors of i.
2, 3, 463
Suppose -3*v - 2 = -92. Suppose 37*c - v*c = 13202. What are the prime factors of c?
2, 23, 41
Suppose -14*f - 64*f + 241254 = 0. What are the prime factors of f?
3, 1031
Suppose -2*y = 5*t - 19823 - 3521, -3*t + 14025 = -5*y. What are the prime factors of t?
2, 5, 467
Let k(i) = -87*i**2 + i + 3. Let h(d) = 1. Let a(x) = 3*h(x) - k(x). Let c be a(-1). Let y = c + -37. What are the prime factors of y?
3, 17
Let b = 1549 + -633. Suppose -4*k = 4*h - 1852, 2*h = k + 25 + b. What are the prime factors of h?
2, 3, 13
Suppose 140*s - 83250 = -5*l + 144*s, 2*s - 33282 = -2*l. List the prime factors of l.
2, 7, 29, 41
Let k = 42 - 40. Suppose 0 = k*n - 14 - 6. List the prime factors of (-2)/10 + 302/n.
2, 3, 5
Let r(g) = g**3 + 7*g**2 + 6*g + 7. Let j be r(-6). Let n = 450 + -114. Suppose n = j*t - 0*t. What are the prime factors of t?
2, 3
Let w(k) be the first derivative of 3*k**2 - 45*k + 58. What are the prime factors of w(17)?
3, 19
Let w(c) = -3*c**3 - c**2 + c - 3. Let d be w(-2). Suppose 0 = d*x - 16*x. Suppose 5*n - 42 = -3*o, -3*o + 3*n + 42 = -x*o. List the prime factors of o.
2, 7
Let x(k) be the first derivative of -k**3 + 4*k**2 - 13*k + 11. Let v be x(5). Let l = 42 - v. List the prime factors of l.
2, 3, 5
List the prime factors of (11/((-22)/1))/(1/(-12708)).
2, 3, 353
Let a = 18928 + -4661. What are the prime factors of a?
11, 1297
Let v(c) = -22 + 39 - 28 - 24*c. What are the prime factors of v(-31)?
733
Suppose 0 = 20*k - 18503 + 803. What are the prime factors of k?
3, 5, 59
Let r be -1*2636*64/(-256). Suppose -637 - r = -9*i. What are the prime factors of i?
2, 3
List the prime factors of ((-3)/(-1))/(1314/292) + (-460016)/(-6).
2, 5, 11, 17, 41
Let s(o) = -175*o - 102. Let l be s(-24). Suppose 7*r - l = -66. What are the prime factors of r?
2, 3
Let n = 227 - 224. Suppose 4*u + 3*s = 2408, 0 = -2*u - n*s - 573 + 1777. What are the prime factors of u?
2, 7, 43
Let y = -1878 - -2681. Suppose -10349 - y = -17*t. What are the prime factors of t?
2, 41
Let k = 3236 - 3251. Let l = 7 - 5. List the prime factors of l/(-10) + -1 + (-1923)/k.
127
Suppose 4*d + 6*t = 26602, 26*t - 23*t = 4*d - 26593. What are the prime factors of d?
61, 109
Suppose -19*t - 12 = 45. List the prime factors of (t/((-12)/61))/(40/1760).
11, 61
Suppose -10*h + 15*h + 85 = 2*i, 0 = -5*i + 4*h + 238. Let n = 496 + i. What are the prime factors of n?
2, 3, 7, 13
List the prime factors of ((-1814595)/(-114))/((-9)/(-36)).
2, 5, 6367
Suppose -3*g - 426 = -2*l + l, 5 = -g. Let o = 1290 - l. List the prime factors of o.
3, 293
Suppose 5*m - 5 = -3*j, 0*m + 4 = -3*j + 4*m. Suppose -5*l = 4*q - j*l - 983, 5*q - 1238 = 3*l. List the prime factors of q.
13, 19
Let z = 37180 - 1969. List the prime factors of z.
3, 11, 97
Let l(s) = -3408*s - 119. List the prime factors of l(-5).
16921
Let s(a) = -a**2 - 13*a - 16. Let w be s(-5). Suppose -26 = -f + w*z - 26*z, -2*z = 3*f - 74. What are the prime factors of f?
2, 3
Let r = 186 + 231. Suppose -2*d - 2 - 1 = -5*z, -3*d + 27 = 3*z. Suppose 453 = d*a - r. List the prime factors of a.
5, 29
Let q be (3 + -3 + 52)/(-1). Let u be q/182 - (-668)/(-14). List the prime factors of u/(3/5 + (-8)/5).
2, 3
Let y = -3212 + 7291. Suppose -y = -5*r - 3*m, 11*m - 16*m = -5*r + 4095. List the prime factors of r.
19, 43
Suppose -137*x + 591172 + 149809 + 487772 = 0. What are the prime factors of x?
8969
Let f(q) = -285*q**3 - q**2 + q + 2. Let x = 70 + -71. What are the prime factors of f(x)?
3, 5, 19
Let m(j) be the first derivative of j**3/3 + 25*j**2/2 - 14*j + 61. List the prime factors of m(-47).
2, 3, 5, 17
Suppose -26 - 59 = -5*w. Suppose w*s - 4*s = 338. List the prime factors of (-1077)/(-13) - -5 - (-4)/s.
2, 11
Let i(c) = 46*c**3 + 99*c**2 - 36*c + 2. What are the prime factors of i(6)?
2, 7, 13, 73
Let w(l) be the third derivative of 23*l**4/12 + 31*l**3/3 + 41*l**2. What are the prime factors of w(31)?
2, 3, 31
Let c(n) = 535*n**2 + 15*n + 23. What are the prime factors of c(6)?
19373
Let m be (-62)/6*(14 + (-470 - -9)). Suppose 3166 = 9*s - m. List the prime factors of s.
5, 173
Let p = -3805 + 12219. What are the prime factors of p?
2, 7, 601
What are the prime factors of ((-37933)/(-21))/(12*12/1728)?
2, 5419
Suppose 0 = -7*l - 3 + 17. Suppose l = -2*s + 3*s, 2*i - s = 586. What are the prime factors of i?
2, 3, 7
Let w(i) be the first derivative of 8 - 7*i - 5/2*i**2 + 8/3*i**3 + 1/4*i**4. What are the prime factors of w(5)?
293
Suppose 0 = -i + b - 2*b + 134, -4*i + 538 = 3*b. Suppose 1695 = 6*h - h. Suppose 5*x - h = i. What are the prime factors of x?
5, 19
Let r = -568 + 356. List the prime factors of (1 + r)*(-11 + 9).
2, 211
List the prime factors of (135099/(-15) + (-18)/30)*770/(-231).
2, 3, 139
Let b be 7/14*(34 - (0 + 0)). Suppose -z + 5*i - 1 - b = 0, 5*z + 10 = 5*i. Suppose 5*k = z*p - 282, 6*p + k - 705 = p. List the prime factors of p.
3, 47
Let s be (-3)/(-12) - ((-28257)/(-12))/(-1). Suppose 0 = -4*l - 887 + s. What are the prime factors of l?
367
Let m(r) = 2*r**2 + 2*r + 43. Let u be m(26). Suppose f = 5*d + 123 - u, d + f - 260 = 0. List the prime factors of d.
2, 3, 11
Let h(j) = j**2 + 5*j + 4. Let a be h(-3). Let f be -3 - a - (13 - 20/5). List the prime factors of (530/25)/((-4)/f).
53
Let h be (-3)/(-6)*(13 + -13). Suppose -21*z - 2*z + 3243 = h. List the prime factors of z.
3, 47
Suppose n - 16130 = -14*w + 10*w, 2*w - 12 = 0. List the prime factors of n.
2, 8053
Suppose -5*t + 0*t + 538 = -3*j, 4*t = -4*j + 424. Let m = t + 16. List the prime factors of m.
3, 41
Let s(f) = -f**3 + 14*f**2 - 23*f - 16. Let m be s(12). What are the prime factors of 4 - 154*(m - (-25)/10)?
5, 47
Let x be 30/105 + (-23161)/(-7). Suppose 0 = -29*g + x + 4521. What are the prime factors of g?
2, 3, 5
Suppose x - 5*t = 239, 0 = -x - 4*x + 2*t + 1080. Let k be 5/(-10) + (x/(-4) - 1). Let o = k - -145. List the prime factors of o.
2, 3, 5
Let j be (0 - 0)/(198/(-33)). What are the prime factors of j + (0 - -3) + 6?
3
List the prime factors of 32949*(-5)/(-15) - -12.
3, 5, 733
Suppose -3*r = 2*d - 181059, -104*r + 100*r + 4*d + 241372 = 0. What are the prime factors of r?
29, 2081
Let w be ((-21)/(-14))/(3/4). Suppose -5*m + 3*m - 54 = w*u, 5*m - 5*u + 85 = 0. List the prime factors of (-22)/(0 + 4/m).
11
Suppose -5*l + 38826 = -192084. List the prime factors of l.
2, 3, 43, 179
Suppose -4*i - 6*i = -120. Suppose i*q - 10945 = 7475. List the prime factors of q.
5, 307
Suppose -5*t + 2*q + 124241 = 0, 0 = -t - 15*q + 17*q + 24853. List the prime factors of t.
24847
Let b be 6 - -5 - (-4)/8*-10. Suppose 1908 = -3*k + b*k. What are the prime factors of k?
2, 3, 53
Let m(v) = -17*v - 2*v + 1709 - 1610. What are the prime factors of m(-4)?
5, 7
Let d = 8235 - 8184. List the prime factors of d.
3, 17
Let d be 18195/(-6)*-2 + 40/(-10). Suppose -15*i = 4*i - d. What are the prime factors of i?
11, 29
Let n(l) = l**3 + 6*l**2 - 11*l - 26. Let k be n(-7). What are the prime factors of (-8)/20*(781/(-2) - k)?
157
Suppose -o + 3 = -3*y, -o - o + 5*y + 7 = 0. Suppose -5*i = 4*p - o*i - 244, 0 = -3*p - 4*i + 164. What are the prime factors of 3*8/p + 128/5?
2, 13
Suppose 2*z = y - 10129, -118*z = y - 116*z - 10141. List the prime factors of y.
5, 2027
Let l(b) = 3701*b**2 - 71*b - 199. What are the prime factors of l(-3)?
47, 709
Suppose 3*x = 5*c - 3*c + 198, -x + c = -66. List the prime factors of -6 + 408/x + 1582/11.
2, 3
S